et x = 65149 + -45860. Is x a prime number?
True
Let l = -66 + 60. Let g be (-58)/l + (-4)/6. Let k(r) = 6*r**2 + 15*r - 28. Is k(g) a composite number?
False
Let h(i) = i**3 - 14*i**2 - 15*i - 1. Let d be h(-9). Let o = d + 2770. Is o a composite number?
True
Let m(r) = r - 3. Let f be m(1). Is (1/f)/(3/(-65808)) + 5 a composite number?
False
Let r be (50/12)/(29/7482). Suppose 6*k - 11521 = -r. Is k a composite number?
False
Suppose -105180 = -4*j - 17*a + 15*a, -12 = -3*a. Is j composite?
False
Let a be (50/(-20) - 3)/(2/(-2912)). Suppose -z = -b + 4*b - a, z = 5*b + 7968. Is z composite?
False
Suppose -11394 = -293*l + 299*l. Let g = l + 7916. Is g prime?
False
Suppose -4*c = -0*c + 16. Let u be (0 + -2)/1 - c. Suppose -u*h + 181 = -241. Is h composite?
False
Let d(t) = -42*t**3 - 5*t**2 - 3*t + 67. Is d(-9) a prime number?
True
Is (123/15 - 8)*1547795 prime?
True
Let a be 3*(-6 - (-64)/24). Is (121484/(-220))/(2/a) composite?
True
Let n(p) = -p**3 + 6*p**2 - 23*p - 17. Is n(-7) composite?
True
Let q be (-1)/(((-8)/6)/(-4)) + 15. Let r = q + -10. Suppose -r*x = 4*l - 1238, -5*l - x = -563 - 977. Is l prime?
True
Suppose 3*f - 3*h + 4*h = 17109, -2*f + 3*h + 11395 = 0. Let p = f + -2466. Suppose 15*z - p = -791. Is z a prime number?
True
Let b(v) = 21*v**3 + 8*v**2 - 5*v - 12. Let s be 4 - ((-4)/3 - (-4)/12). Let n be b(s). Suppose -4*i = 224 - n. Is i composite?
False
Suppose 9*g - 60*g + 114903 = 0. Suppose 48*q - 9789 = -g. Is q a prime number?
True
Let j be (4367/22)/((-1)/(-2)). Let c(s) = s**3 + 16*s**2 - 2*s - 8. Let d be c(-16). Suppose -23*r - j = -d*r. Is r composite?
False
Let z = 884202 + -583771. Is z prime?
True
Let k(d) = d**3 + 109*d**2 + 215*d + 144. Is k(-91) a prime number?
False
Let s be (-2)/8 + (-12975)/20 + -10. Let q = s - -808. Is q composite?
False
Suppose -4*f - 3*g = -1085308, 4*g - g = -24. Is f composite?
False
Suppose -v + 6*v - 15 = 0. Suppose -5*p + v*p + 1130 = 0. Suppose -4*t = p - 4113. Is t prime?
True
Let k(r) = 2345*r**2 + 900*r - 4488. Is k(5) a composite number?
True
Let s(m) be the second derivative of 8*m**3 - 7*m**2/2 + 29*m - 1. Is s(7) a composite number?
True
Let d be 1/(-2) - (-3)/(-6). Let b be 10*d/(-2)*15/25. Is (1 + 2 + -6551)*b/(-12) a prime number?
True
Let y be ((-6)/(-2))/(5 - 14/4). Suppose 4*n = s - 11859, y*s + n = -0*n + 23700. Is s composite?
True
Let l = -8847 + 4513. Let v = 4167 - l. Is v composite?
False
Let s = 22834 + -15441. Is s a prime number?
True
Suppose -562*b + 576*b = 178402. Is b prime?
True
Suppose -3*i - 9 - 36 = 0. Let p = i - -56. Suppose p*y - 43*y + 70 = 0. Is y composite?
True
Suppose 17907 = 3*i - 0*i - 2*g, -i - 4*g + 5955 = 0. Let m = i + -1939. Suppose -12*s + 1000 + m = 0. Is s a prime number?
True
Let j(v) = v**2 - 3*v - 87. Let f(u) = u**3 + 6*u**2 + 3*u + 52. Let y be f(-6). Is j(y) composite?
False
Let z(f) = 93*f + 4. Let d be z(1). Let h = -118 + d. Let q(g) = -g**3 - 20*g**2 - 17*g - 47. Is q(h) prime?
True
Suppose -4*l - 4 = 0, -2*z + 32 = 2*z + 4*l. Suppose -w = z*w + 40. Let b(f) = 21*f**2 - f - 1. Is b(w) a composite number?
True
Let q = 66635 - -135806. Is q a composite number?
False
Let s(f) = 59*f**2 + 10*f + 28. Is s(-9) a composite number?
True
Let a(f) = 138*f**2 - 64*f + 3085. Is a(34) a composite number?
True
Suppose 0 = -p + 2 - 0. Let j be 2*(-2 - (-922)/4). Suppose 5*t - 1353 = p*t - 3*n, -j = -t - 4*n. Is t prime?
True
Suppose 4*a + 28*o - 74 = 25*o, 2 = -o. Suppose 27*w = a*w + 11018. Is w a composite number?
True
Let x be 0/1 - (0 - 4). Suppose 826 = x*q - 2*q. Suppose -g + 2*k + 373 = 0, g + 5*k = q - 40. Is g composite?
False
Suppose -19*l - 4978 = 1843. Let k = 508 + l. Is k a composite number?
False
Suppose -74*s + 503*s - 44414566 - 117049451 = 0. Is s a composite number?
False
Let m be -1*127 + (-1 - -1). Suppose -2*d + 2285 - 619 = -4*s, -3*s - 1243 = 5*d. Let z = m - s. Is z prime?
False
Let n(j) = 1064*j**2 + 13*j + 10. Let t be n(-1). Let s(m) = -3*m**3 - m**2 - m. Let a be s(6). Let v = a + t. Is v a composite number?
True
Suppose 5*m - 58 = -2*k - 62, 4*k = -8. Suppose 21*p + 51662 - 164159 = m. Is p a composite number?
True
Is -85*9/(45/(-25013)) composite?
True
Suppose 0 = -b - w + 129846, w = -17*b + 20*b - 389558. Is b composite?
True
Suppose 2*s - 3 = 21. Suppose h + w = 3 + 3, -2*h = -4*w + s. Is 530/5*h + -3 a composite number?
True
Let j = -10 - 16. Let b = 31 + j. Suppose -2*p - 1050 = -2*h - 5*p, 3*p + 2583 = b*h. Is h a composite number?
True
Let h(t) = 2*t**2 + 8*t. Let g be h(-18). Suppose 0 = 26*k - g - 926. Is k composite?
True
Let d = -20605 + 30408. Is d a composite number?
False
Suppose -25*n + 411 = -28*n. Let q = n - -556. Is q a prime number?
True
Let s(b) = -15522*b + 4567. Is s(-63) a prime number?
True
Let g = 72 + -68. Suppose -g*h - 21 = p - 214, h + 5*p = 34. Suppose -2*n + 5*n - 212 = -2*c, h = n + 5*c. Is n composite?
True
Suppose 0 = 5*b - 30644 - 142601. Is b a composite number?
False
Suppose 262892 - 920231 = -17*x. Let n = x + -6166. Is n prime?
False
Suppose -w - 3*z = -22747 - 19074, -2*w + 83626 = 2*z. Is w a composite number?
False
Is 153299/(35/(-7) + -1 - -7) a prime number?
False
Let x be 2/(-3)*3*7/(-2). Suppose x*u - 54 = 16*u. Is u*(-1)/(-2) + 442 prime?
True
Let q(d) = 173081*d**3 - 45*d**2 + 44*d + 1. Is q(1) prime?
True
Suppose 0 = -8*m + 2498678 - 642494. Let q = m + -134252. Is q prime?
True
Let a = -191 - -196. Is (-5 - -1) + a + 3 + 7737 prime?
True
Let j(w) = w**2 + 17*w + 6. Let y be j(0). Suppose -y*m = m - 10801. Is m composite?
False
Suppose 273 = -3*w + h, -9*w + h - 457 = -4*w. Let m = -75 - w. Suppose m*t = 15*t + 1474. Is t a composite number?
True
Let x be 4*((-186138)/(-12))/9. Suppose 83*g - x = 80*g. Is ((-13)/(273/28))/((-4)/g) prime?
False
Let w(a) = 3*a + 6. Let f be w(-1). Suppose -f*o + 5*o - 1208 = v, 5*o - 4*v = 3017. Suppose k - 216 - o = 0. Is k a composite number?
False
Let q = 2494 + 305. Suppose -3*k - 2819 = -4*t, -6*t + q = -2*t + k. Is t a prime number?
True
Is (221109/(-14))/(57/(-266)) a prime number?
False
Let y = 383691 + -205808. Is y a prime number?
True
Let u = -63 - -88. Let z(v) = 62*v - 13. Is z(u) a prime number?
False
Let s(g) = 8*g + 118. Let k be s(-12). Is (-2)/k - 55920/(-440) prime?
True
Suppose 64629 = 2*f - 154111. Suppose 17*x + 25985 - f = 0. Let i = 10414 - x. Is i prime?
False
Suppose 2*n - 3*p - 8473 = 3*n, -3*n - p = 25435. Let y = 12662 + n. Is y composite?
True
Let a(i) be the third derivative of -485*i**4/8 - 62*i**3/3 + 53*i**2. Is a(-5) prime?
True
Let k = 25 - -61. Let u = k + -84. Suppose -4*z + u*z - 3*m = -971, -5*z = -5*m - 2390. Is z prime?
False
Let o(w) = 30*w**2 + 48*w + 53. Let z = 162 + -184. Is o(z) composite?
True
Let d(r) = -3 + 2 - 7 - 4*r - 2. Let t be d(-4). Let k(w) = 9*w**3 - 3*w**2 - 13*w - 1. Is k(t) prime?
False
Let y(q) = -464*q + 1. Let x be y(2). Suppose 4*w - 4*b = -1488, 3*w - 6*w + b - 1124 = 0. Let j = w - x. Is j composite?
True
Let p = -86189 - -144726. Is p a prime number?
True
Suppose -3*w = -24*w + 229698. Is 1/(-1 + -2 + 2) + w prime?
True
Let h(o) = 440*o**2 - 50*o + 689. Is h(21) prime?
True
Suppose 19*o + 216 = 11*o. Let j(s) = s**2 - 39*s + 19. Is j(o) a composite number?
False
Is (4*(-602)/168 - -15)*763383/2 a prime number?
True
Let k = 9645 + -5548. Is k prime?
False
Let v = 93 + -82. Suppose v*z - 16626 = 24745. Is z a prime number?
True
Let f(k) = -13*k + 35. Let l be 8*(-2)/(-40) - 33/(-5). Suppose l*p + 30 = -26. Is f(p) composite?
False
Let z(l) = 14*l - 53. Let m be z(4). Suppose 4*c + 0*p - 10482 = -p, 0 = m*c + p - 7861. Is c a prime number?
True
Let k be (-18)/(-12)*(2 - 4) + 18. Suppose 0 = k*u - 9*u - 5322. Is u a prime number?
True
Let t = 689890 + -347591. Is t composite?
False
Suppose 16 = 2*q + 12. Suppose 4*d = 2*j + 9288, -2*d + 3*j + 9290 = q*d. Is d a composite number?
True
Let y be (-2)/(-13) - (-24)/(-104)*-2023. Let w = y - 24. Is w composite?
False
Let n(i) = i**3 + 21*i**2 - 69*i + 82. Let g be n(-24). Let x(q) = 31*q**2 + 22*q + 21. Is x(g) prime?
False
Let k(y) = 34*y**2 + 9*y + 9. Let s be k(-8). Let c = 13310 - s. Is c a prime number?
True
Suppose 0 = -57*v + 62*v + 2*m - 483917, -387136 = -4*v - 4*m. Is v a composite number?
True
Let k(v